g) be the first derivative of -g**3/3 + 3*g**2 + 7*g - 37. Give s(7).
0
Let z(i) = -26*i - 337. Let r be z(-13). Let n(q) = -q**3 + 3*q - 1. What is n(r)?
1
Let d(f) = 2*f + 3. Let x be d(0). Suppose 2*y = x*y - 12. Let h be (y + -13)*1*7. Let n(c) = c**2 + 8*c + 4. Determine n(h).
-3
Let k(r) = 2*r**2 + 12*r + 4. Let c be k(-6). Let a(d) = -3*d**2 + c*d**2 - 2 - 4*d - d**3 + d**2 + 3*d**2. Determine a(4).
-2
Let u(g) = 97*g + 3*g**2 - 2 - 97*g. Suppose -8 = b - 5*d - 11, -2*b + 3*d + 6 = 0. Calculate u(b).
25
Let n(h) = -h - 6. Let c be n(0). Let o = c - 1. Let b(m) be the second derivative of -m**5/20 - 7*m**4/12 - m**3/3 - 3*m**2/2 + 278*m. Determine b(o).
11
Let b(y) = 6*y - 1. Let p(n) = -18*n + 4. Let i(v) = 8*b(v) + 3*p(v). What is i(4)?
-20
Let w = 640 + -643. Let m(o) = 3*o**2 + 2*o - 3. Give m(w).
18
Let l(i) = 185*i - 552. Let o be l(3). Let f(a) = 4 - a**2 - a + a + 2*a. What is f(o)?
1
Let n = 520 - 155. Let a(y) = 366*y**3 - n*y**3 - 8*y**2 + y**2. Give a(7).
0
Let s = -414 + 413. Let v(b) = -7*b**3 + b**2 + b + 1. Give v(s).
8
Let w be (-2)/7 - 44*132/(-336). Let r(v) = v**2 - 16*v - 13. Give r(w).
4
Let n = -506 - -509. Let m(d) = -4*d + 6. What is m(n)?
-6
Let x(d) be the third derivative of d**6/120 - d**5/60 + d**4/8 - d**3/3 - 248*d**2. Calculate x(2).
8
Let b(n) = 4*n + 3. Suppose w + 5*t - 4 = 0, 0 = w - t - 16. Determine b(w).
59
Suppose -3*p = -5*z + 518, -5*z - 4*p = -7*z + 196. Let i = 107 - z. Let x(s) = -9*s - 7. Let r(a) = -14*a - 10. Let q(j) = -5*r(j) + 7*x(j). Determine q(i).
8
Let q(j) = -j**3 - 4*j**2 + 2*j. Let k(x) be the second derivative of x**3/2 - 11*x**2 + 9*x. Let y be k(6). What is q(y)?
-8
Let q(j) = -j**3 - 2*j**2 + 2*j + 3. Suppose 0 = 8*g - 42 - 6. Suppose 4*v = -g - 2. Give q(v).
-1
Let y(h) = 3*h - 3. Suppose 35 = 8*d - 3*d. Let r be y(d). Suppose 2*z - r = -4*z. Let n(q) = q**2 - 2*q + 2. Give n(z).
5
Let c(r) = -14*r - 7. Let i be c(-1). Let l(s) = -s**3 + 6*s**2 + 7*s - 10. What is l(i)?
-10
Let v(u) = -u**2 - u + 2. Let p be v(0). Suppose t - p = 1. Let h(y) = -y + 2. Let b(a) = -2*a + 4. Let i(s) = t*b(s) - 7*h(s). What is i(1)?
-1
Let m(v) be the third derivative of v**6/120 + v**5/12 + v**4/12 - 2*v**3/3 + 557*v**2. Suppose 2*u - 2 = -10. Give m(u).
4
Let f(u) be the first derivative of -u**3/3 - u**2/2 + 4*u + 2066. Let d = -11 - -7. Calculate f(d).
-8
Suppose 12 = 2*m + m. Suppose -10 = 2*h + m*d, 5*h + 4*d - 7*d + 12 = 0. Let z(q) = -2*q**2 - 4*q. Determine z(h).
-6
Let s(w) = -2*w - w - w + 6 + 3*w. Let h = 23 - 23. Suppose h = l + 3*n - 5*n, 0 = 5*l - 2*n. Give s(l).
6
Let a(f) = 6*f**2 - 9*f + 7. Let l(t) = -31*t**2 + 46*t - 35. Let h(r) = -11*a(r) - 2*l(r). What is h(2)?
-9
Let s = 25 + -40. Let v be s/(-1)*(-5)/(-15). Let b(f) be the first derivative of -f**3/3 + 3*f**2/2 + 6*f + 155. Calculate b(v).
-4
Let i(y) = 4*y**2 - 10*y + 11. Let r = -38 - -43. Let s(h) = -h**2 + h - 1. Let c(l) = r*s(l) + i(l). Calculate c(-5).
6
Let v(l) = l**3 - 6*l**2 - 7*l + 16. Let w be v(7). Let o = 16 - w. Let p(y) = y**3 + y**2 + y - 6. Give p(o).
-6
Suppose -3*x + 164 - 59 = 0. Let a = x - 31. Let t(f) = 3*f**3 - 1 - 4*f + a*f**2 - 2*f**3 - 2 - 1. Determine t(-5).
-9
Let s = 11/100 + 17/300. Let b(m) be the second derivative of 10*m + s*m**4 + 0 - 2*m**2 - 5/6*m**3. Determine b(4).
8
Let r(f) be the third derivative of -f**6/720 + f**5/40 + f**4/4 + 6*f**2. Let q(t) be the second derivative of r(t). Let g be 5 - -3 - (1 + 2). Calculate q(g).
-2
Let d(k) = k + 1. Let b(i) = -i**3 - 6*i**2 - 6*i + 2. Let m be b(-5). Let y be (3/(-4))/(m/(-28)). Suppose -y = -6*t + 3*t. What is d(t)?
2
Suppose 2*r - 18 = -8. Let h(o) = -o - 6. Let s(p) = -p - 1. Let n(g) = h(g) - 2*s(g). Determine n(r).
1
Let j(l) = l - 2. Let m be j(6). Let u(i) = -5*i**3 - 7 - 5*i**2 - 9*i - 4*i**2 + m*i**3. Let t = -28363 - -28355. What is u(t)?
1
Let t(r) = -52 - 53 - r**2 - 54 + 164 - 5*r. Suppose -3*n = -3*m + 18, 8 - 32 = 5*n + m. Calculate t(n).
5
Let p(d) = -d**3 - 5*d**2 + 7*d. Let x(t) = 2*t**2 + 17*t + 5. Let j(r) = -6*r**2 - 50*r - 14. Let a(n) = -6*j(n) - 17*x(n). Let y be a(-5). Give p(y).
-6
Let t(a) = a + 102 + 6*a**2 - 105 + 4*a**3 - 3*a**3. Calculate t(-3).
21
Let d be (-36)/(-9) - (-5 - -2). Suppose 5*v - d*v + 6 = 0. Let r(t) = t**v + 2 - 106*t + 102*t + 5 - 6*t**2. Give r(6).
-17
Let h(x) = -1. Let j(s) = -3*s - 6. Let n(o) = -4*o - 6. Let p(r) = -5*j(r) + 4*n(r). Let l(f) = -4*h(f) - p(f). Calculate l(5).
3
Let p(b) be the third derivative of -b**8/20160 - b**7/840 + 7*b**6/720 - 2*b**5/15 - 10*b**2. Let o(v) be the third derivative of p(v). Determine o(-6).
7
Let o(w) = -2*w**2 + 3*w - 2. Let n = 323 + -320. Calculate o(n).
-11
Let g(t) = t**2 + 5 - 2*t**3 + 24*t - 25*t - 3. Let y(p) = -p**3 + p**2. Let a(o) = g(o) - 4*y(o). Give a(2).
4
Let j be (6/12)/(1/14). Suppose -2*i = -j + 1. Let l(d) = -2*d + 3*d - i*d + d. Determine l(-4).
4
Let p(v) = v - 26. Let d be p(23). Let w(n) = -n + 1. What is w(d)?
4
Suppose 3*l = r - 0*l + 11, -r - 8 = -2*l. Let m be (-6 - -1)/(r/(-6)). Let z = -20 - m. Let p(i) = i**3 + 6*i**2 + 6*i - 3. Calculate p(z).
-8
Let a(g) = g + 2. Let q(d) = -2*d + 11. Let x(i) = 5*a(i) - q(i). What is x(-3)?
-22
Suppose -6 + 0 = -u + 3*i, u + 4*i = -22. Let w(o) be the first derivative of 3*o - 1/3*o**3 - 7/2*o**2 - 3. Give w(u).
9
Let g(q) = -3*q**2 - 2*q + 2. Let f(j) = -7*j**2 - 3*j + 5. Let t(o) = -2*f(o) + 5*g(o). Let m be (-8 + 7)/((-2)/(-6)). Give t(m).
3
Let u(l) be the first derivative of -l**2/2 + 5*l + 256. Give u(-6).
11
Let w(g) = 9*g**2 - 2*g + 1. Let a(n) = 0 + 147*n - 148*n - 1. Let c be a(-2). Calculate w(c).
8
Let s = -227 + 224. Let o(d) = 3*d - 2. What is o(s)?
-11
Let c(z) = z**3 + 5*z**2 + 101*z + 641. Let b be c(-6). Let u(h) = h - 3 + 2 + 0*h. What is u(b)?
-2
Let w(t) = 3*t**3 - 2*t**2 - 5*t + 4. Suppose -3 = -54*p + 53*p. Calculate w(p).
52
Let w(h) be the second derivative of h**5/20 - h**4/12 - h**3/2 + 2*h**2 - 127*h. Give w(3).
13
Let x(y) = 4*y + 2. Suppose -3*r = -r. Suppose r = -3*j + 6*j + 9. Determine x(j).
-10
Let u(p) = -41*p - 118. Let s be u(-3). Let m(l) = -3*l + 9. Give m(s).
-6
Let i(y) = y**3 - 3*y**2 - 2*y + 3. Let b be (-3 + -2)*(-3)/5. Let j be i(b). Let t(p) = -3*p + 1. Give t(j).
10
Let q(f) = 4*f - 8. Let s be q(3). Let z(v) = 3 - s*v - 1 + v**3 - 5 + 2. Calculate z(-3).
-16
Let b = -177 + 182. Let d(w) = w**3 - 6*w**2 + 5*w - 3. Give d(b).
-3
Suppose 0 = 15*l + 46 + 14. Let b(n) be the second derivative of -n**5/20 - n**4/3 - n**3/6 + n**2 - 2*n. What is b(l)?
6
Let n(r) be the third derivative of -r**4/12 + 2*r**3/3 + 2748*r**2. Let f = -16 + 22. Calculate n(f).
-8
Let u(s) = -s**3 - 7*s**2 - 7*s + 1. Let h(k) = 6*k**3. Let v = -16 + 18. Suppose v*p - 3 = 5*d, -d - 1 = -4*d + 4*p. Let y be h(d). Calculate u(y).
7
Suppose 2*t - 3 - 7 = 3*d, 0 = -5*d + 3*t - 16. Let l(q) = -23*q + 4. Let a(w) = -7*w + 1. Let z(b) = -10*a(b) + 3*l(b). Give z(d).
0
Let s(j) = 12*j**2 - 1. Let k be (-1)/(0 + (-4)/8). Suppose k*c - c = 1. Give s(c).
11
Let o(i) be the third derivative of 1/20*i**6 + 0*i**3 + 0 + 0*i - 1/60*i**5 - 4*i**2 + 0*i**4. Determine o(1).
5
Let i(q) = -q**3 - 7*q**2 + 8*q - 1. Let l(s) = -s**3 - 16*s**2 - 16*s - 23. Let r be l(-15). Calculate i(r).
-1
Let z(d) = -d**3 + 4*d + 3. Let n(j) = -2*j**3 + j**2 + 9*j + 6. Let m = 38 - 44. Let t(w) = m*n(w) + 13*z(w). What is t(-4)?
-21
Let g(a) be the third derivative of -a**8/6720 + a**7/504 + a**6/180 + a**5/20 - 9*a**4/8 + 4*a**2. Let v(c) be the second derivative of g(c). Give v(5).
26
Let o(c) = -c**3 - 4*c**2 + 7*c - 5. Let n = -2584 + 2578. Calculate o(n).
25
Let u(y) = -5*y**2 + 7*y + 3. Let c(i) = -8*i**2 + 13*i + 6. Let o(a) = 3*c(a) - 5*u(a). Give o(-3).
0
Let x(y) = y**3 + 5*y**2 + 3*y - 4. Suppose h = 21*p - 18*p - 18, -15 = -5*p. Let b = -7 - -12. Let t = b + h. Calculate x(t).
0
Let a(j) = -2*j + 1. Let r(t) = 13 - 10 - 29 - 11*t - 24. Let i be r(-4). Determine a(i).
13
Let r(u) = -u**3 - 2*u - 1. Let b be r(-1). Suppose -h - b*h - 27 = 0. Let q(w) = -w**2 - 8*w + 12. Let m be q(h). Let k(i) = 2*i. What is k(m)?
6
Let n(v) = -v - 2. Let d be n(-8). Suppose 0*k + 2*k = -d. Let a(p) = p**3 + 3*p**2 + 1. Give a(k).
1
Let a be (-15)/45*(-4 - (-3 - 1)). Let i(o) be the first derivativ